vide p?
True
Let a(q) = -q**3 + 25*q**2 + 28*q + 37. Is a(26) a multiple of 36?
False
Does 9 divide (6/7)/(6/630)?
True
Let v(b) = -b**2 + 137. Let y be v(0). Let m = 204 - y. Does 17 divide m?
False
Suppose -4*k + 13 = -2*k + 3*t, 18 = 4*k - 2*t. Suppose r + 3*r = k*q + 58, -5*r + q = -62. Is r/10*(-200)/(-6) a multiple of 20?
True
Let r = -5 + 22. Let y = -16 + 4. Let u = y + r. Is 2 a factor of u?
False
Let w be 4*-3*3/(-18). Suppose 3*u = -5*d + 94, 3*u + w*d - 85 = 12. Does 11 divide u?
True
Let t(l) = 7*l**2 + 2*l + 1. Let r be t(-1). Let j be r + -1 - (4 - 6). Does 19 divide 8/28 + 131/j?
True
Suppose -4 - 12 = 4*j, -2*s - 30 = 4*j. Is (-8)/(-28) - 355/s a multiple of 16?
False
Let u = 1 - 1. Let i(b) be the second derivative of -b**3/6 + 13*b**2 + b. Is i(u) a multiple of 13?
True
Suppose 2*v - v = -5*g - 18, -2*g = -4*v + 16. Suppose -2*m + 83 = -3*o, 0 = -4*o + v*o + 10. Suppose m + 11 = 5*n. Is n a multiple of 10?
False
Suppose 0 = 85*m - 80*m - 1295. Is 37 a factor of m?
True
Suppose s = 4*s - 2*z - 110, -5*z = 3*s - 103. Is s a multiple of 4?
True
Let a be -1 + -1 + 1 - 6. Let r = a + 22. Is 15 a factor of r?
True
Suppose 114 = -9*y + 10*y. Is y a multiple of 19?
True
Let i = -26 + -2. Let u = 11 + i. Let z = -8 - u. Is 9 a factor of z?
True
Suppose 0 = 5*q - 420 + 65. Does 11 divide q?
False
Let c(m) = 4*m**3 - m**2 - 2*m. Is c(2) a multiple of 8?
True
Let a(g) = -4*g**3 + g**2 + 12*g + 9. Does 14 divide a(-4)?
False
Suppose 0 = 2*d + l - 8, -5*l + 3 + 7 = -5*d. Let m(k) = k**2 - 8*k - d*k + 7 + 4*k. Is 7 a factor of m(7)?
True
Let f(i) = 2*i - 3 + 6*i**2 - 6*i**2 + 8*i**2. Let v be f(-3). Let y = 91 - v. Is y a multiple of 16?
False
Suppose 0 = -0*k + 6*k - 468. Does 11 divide k?
False
Suppose 2*c + 5 = -3*m, 2*c + 1 = -m - 6. Let z be (1 - m)*-1 + 3. Suppose -y + 5*u + 17 = u, -27 = -z*y + 4*u. Does 2 divide y?
False
Suppose 1 + 4 = 5*t, -3*o = -2*t - 7. Is 10 a factor of 1/((-67)/(-22) - o)?
False
Let v(a) = a**2 - 4*a - 6. Let f be ((-9)/36)/((-1)/28). Is v(f) a multiple of 5?
True
Is 9 a factor of (-1 - -3)/(-2)*(-4 + -7)?
False
Suppose 2*j - 3*f = 12, -j + 8 = -f - 0. Does 4 divide j?
True
Let m(q) = -q**3 - 4*q**2 + 3*q + 7. Does 7 divide m(-5)?
False
Let y(g) = g**2 - g + 1. Is 5 a factor of y(4)?
False
Suppose 3*b - 36 = -4*i + 4, 3*b = -2*i + 26. Does 2 divide i?
False
Let b = 110 - 30. Suppose -y + 6*y = b. Is 8 a factor of y?
True
Let q = 7 - 5. Suppose 3*t = 0, 2*t = -q*w + 3*w - 6. Is 6 a factor of w?
True
Suppose -5*c + w + 765 = 0, 4*c + 25 = -5*w + 666. Is c a multiple of 22?
True
Let a(o) = 28*o + 3. Let p be a(-3). Let b = p + 185. Suppose b = 3*h + h. Is h a multiple of 13?
True
Let x(r) = 3*r**2 + 5*r + 2. Let o = 5 + -3. Suppose -o*z + 0 = 8. Is 16 a factor of x(z)?
False
Suppose -5*r = 3*i - 547, -5*r - 59 - 682 = -4*i. Is 19 a factor of i?
False
Let v = 110 - -33. Does 9 divide v?
False
Let h be (-10)/4*(2 + -4). Suppose d - h*r - 1 = -19, -4*d + 53 = 5*r. Is 2 a factor of d?
False
Suppose 4*h - 3*h - 84 = -5*j, -5*j = -2*h - 87. Is j a multiple of 12?
False
Suppose 5 = -4*m + 13, v + 2*m + 2 = 0. Suppose -5*j = -4*l + 18, -l + 10 = 4*l. Does 6 divide (-16)/v*(-9)/j?
True
Is 6 a factor of (20/25)/(0 - (-2)/120)?
True
Let k be (-1)/(-3) - 5/(-3). Suppose -5*l - 11 = -k*w, 3*w + 3*l = l + 26. Is w a multiple of 4?
True
Let q = -5 + 5. Suppose q*c - 40 = -5*c. Is 5 a factor of c?
False
Let n(x) = x. Is n(3) a multiple of 2?
False
Let o = -13 + 18. Suppose 55 + 75 = o*u. Does 13 divide u?
True
Let w(t) = t**3 - 5*t**2 + 3*t - 12. Is w(8) a multiple of 14?
False
Let s = -1 - 2. Is 15 a factor of -1 - (-34 + (-9)/s)?
True
Let i = -5 + 6. Let y be (i/(-1) - -3) + -4. Is 14 a factor of 42/(y/4 - -2)?
True
Let b be (-156)/(-9) - (-2)/(-6). Suppose -v - 5*o + 0*o - 23 = 0, 5*o = -25. Suppose 0 = -v*u + b + 27. Is u a multiple of 9?
False
Let a = 6 - -21. Does 14 divide a?
False
Let s = -33 - -49. Let c = s - 6. Is c a multiple of 5?
True
Suppose 6 = 2*y + 2*l, 4*y - 20 = 2*l + 2*l. Let i = 9 + y. Suppose 0 = -3*o + 82 - i. Is o a multiple of 8?
False
Suppose 0*z + 36 = z. Does 4 divide z?
True
Let h(s) = 3*s - 22. Is h(27) a multiple of 17?
False
Suppose -3*t = 5*z - 7*t - 552, t + 3 = 0. Is z a multiple of 27?
True
Let b(q) = -8*q - 2. Does 18 divide b(-7)?
True
Let v(f) = 7*f + 1. Suppose -5*x + x - 16 = 0. Let r = -3 - x. Is 8 a factor of v(r)?
True
Let n be 1 - (-79 + (-1 - -2)). Suppose 22 - n = -3*p. Suppose -2*v + p + 21 = 0. Is 10 a factor of v?
True
Let o be (2/5)/((-1)/(-5)). Suppose -4*d = -20, l = 3*d + o*d - 3. Is 16 a factor of l?
False
Let y(a) = -19*a - 6. Does 4 divide y(-2)?
True
Let z be 32/40*5*1. Suppose 3*v = -2*b + 17, v = 2*b - b + z. Is v even?
False
Does 13 divide (8 - -2) + 6/2?
True
Let l = -251 + 177. Let m be (l/4)/((-1)/(-2)). Let u = m - -75. Does 20 divide u?
False
Let x(a) be the third derivative of -a**4/24 + 2*a**3 + 2*a**2. Is x(0) a multiple of 12?
True
Suppose 5 = 3*r - 4. Suppose -v = -2 - r. Does 4 divide v?
False
Let d = -9 + 16. Let n be d + 2/(-1 + 0). Suppose s + 3*j = 18, 4*s = j + n + 2. Is s even?
False
Let u(g) = -g**3 + 3*g**2. Let f be u(3). Suppose o + o - 150 = f. Is 15 a factor of o?
True
Let n(w) = w**3 + 10*w**2 + 7*w - 5. Let c(k) = -4*k - 1. Let d be c(2). Let x be n(d). Is -4*(-2 - x/2) a multiple of 17?
True
Let s(h) = 8*h**2 - 2. Let b be s(4). Suppose 0*p = 3*p - 4*t - 74, 5*p = 4*t + b. Is 13 a factor of p?
True
Let f = 27 + -16. Let w be 1 - (-1)/1*2. Let j = w + f. Does 7 divide j?
True
Let x(b) = -b**2 + 4*b - 1. Let c be x(3). Suppose -4*w + 18 = -c*h, -5*h - 6 = -w + 3. Is 4 a factor of w?
True
Is 3/9*-3*(-1 - 337) a multiple of 26?
True
Let d be (56 - -2)*(-2)/(-4). Suppose 4*i + 0*l = -5*l + d, 5*l = 3*i + 22. Is 8 a factor of 32/(i - -1) + 0?
True
Suppose 4*g - 2*g = 4*c - 4, 3*g = 2*c - 10. Let k(h) = h**3 + 6*h**2 - 2. Let d be k(-6). Does 3 divide (4 - g) + (-2)/d?
True
Suppose 5*f + 3 + 17 = 0. Is 14 a factor of 21*f/(-48)*20?
False
Let p(v) = -4*v - 7. Is 19 a factor of p(-8)?
False
Let k(a) be the first derivative of a**3/3 + a**2/2 - 9*a - 4. Is 22 a factor of k(-8)?
False
Suppose 2*o + 5*f + 2 = -0, -2*f = 4*o - 12. Is 14 a factor of (-21)/(-28) + 165/o?
True
Let i(g) = g**3 - 4*g**2 - 5*g + 8. Is i(5) a multiple of 2?
True
Let w = 2 + 0. Let q(u) = u**2 - u. Let p be q(w). Suppose 7*n - 25 = p*n. Does 2 divide n?
False
Suppose -5*n - 69 + 9 = 0. Let p = n - -28. Does 16 divide p?
True
Suppose -w - w = -6. Let z(o) = 16 + o - 3*o**w - 16. Is z(-1) a multiple of 2?
True
Suppose -4*o - 7 = -5*o. Is o a multiple of 2?
False
Let l(c) = 2*c**2 - 2*c - 1. Let g be l(-1). Suppose -o + p + 33 = 0, -g*p = -5*o - p + 156. Does 15 divide o?
True
Suppose 5*y + 16 = -2*x, -y + 2*y + x = -2. Let c(v) = -17*v + 2. Let m be c(y). Suppose 2*r + 3*t - 210 = -3*r, -2*r + m = 4*t. Does 15 divide r?
True
Let k(y) = -y**3 + 6*y**2 - 3*y - 7. Let g be k(5). Let a = g + -4. Let t = a + 7. Does 3 divide t?
True
Suppose -7*b = -2*b. Does 6 divide -4 + 9 + 1 + b?
True
Let l = 2 + 5. Let j = l + -13. Let k = -3 - j. Does 3 divide k?
True
Let d(x) = 6*x + 2. Is d(5) a multiple of 16?
True
Let t = 3 + -3. Let h(z) = -z**2 + 4 + 7*z - z + t*z. Is 9 a factor of h(5)?
True
Suppose 2*f - 34 = -6. Let l(q) = -q**2 + 18*q - 20. Is l(f) a multiple of 18?
True
Let g = -49 + 73. Does 6 divide 2/6 + 136/g?
True
Let k(t) = -4*t**2 + t - 1. Let g be k(1). Let s(o) = -o**3 - 4*o**2 + 4. Is s(g) a multiple of 4?
True
Let c(r) = -9*r + 84. Does 54 divide c(-10)?
False
Let g = 0 - -2. Let k(f) = 5*f**3 + f**2 + 2*f - 3. Let l be k(g). Suppose o = -r + l, -2*r + 129 = r - 3*o. Is r a multiple of 20?
False
Let y(d) = -d**2 + 5*d + 4. Let l(a) = 2*a**2 - 4*a - 5. Let m be l(4). Let c = m + -7. Is 4 a factor of y(c)?
True
Let q(m) = -m**3 + 4*m**2 + 2. Let j be q(4). Suppose j*z = 0, 0*o - 4*z - 52 = -2*o. Let k = -13 + o. Is 7 a factor of k?
False
Suppose -3*m - 63 = -6*m. Let y be (-2)/(-5)*(-1 + m). Is (3 - y)/(0 - 1) a multiple of 3?
False
Let x(a) = -a**2 - 20*a - 40. Is 4 a factor of x(-17)?
False
Let z(j) = -17*j + 2. Suppose 3*l = -5 - 1. Does 18 divide z(l)?
True
Let i be (8/(-12))/((-2)/6). Let g(b) = 2*b - 6. Let f be g(9). Suppose i*l = 56 - f. Is 11 a factor of l?
True
